f. Let j = -32 + v. Calculate the greatest common factor of 124 and j.
4
Suppose -p + 5 = -2*s, 2 = 2*s + 2*p - 2. Let v be s*(2 + 16)*27/(-6). Calculate the greatest common factor of v and 45.
9
Suppose 164 = -8*a + 6*a. Let s(k) = 15*k - 3. Let q be s(6). Let r = a + q. Calculate the greatest common factor of r and 65.
5
Let q = 430 + -438. Let x be (q - (3 - 12))*15. Suppose 0 = -2*a - 0*a + 90. What is the greatest common divisor of a and x?
15
Suppose 8*a - 14*a + 210 = 0. Let m be (9 - (-6)/(-3))/(5/a). What is the highest common divisor of 343 and m?
49
Suppose -22*s = 14*s - 3*s - 594. Suppose 0 = -v - 2*v - 4*k, 0 = -5*k. Suppose v = -4*l + 31 + 41. What is the greatest common divisor of s and l?
18
Let r be (-1)/(3*(-6)/(-288)). Let s be 15/6*r/10 - -9. Calculate the highest common divisor of s and 10.
5
Suppose 2*b + 3*m = 605, 21*b - 20*b - 2*m = 306. What is the greatest common divisor of b and 272?
16
Let r be 40/30 + 45668/21. Calculate the highest common factor of r and 51.
17
Suppose -28688 = -3*c - 3*x + 12670, 5*c - 68934 = -4*x. Calculate the highest common divisor of 35 and c.
35
Let b = -11134 - -11248. What is the greatest common factor of 3078 and b?
114
Let u(y) = -y + 36. Let b be u(26). Suppose 2*p - 24 = -b. Let g be (p - 1)*(-11)/(198/(-624)). What is the greatest common factor of g and 26?
26
Suppose -976 = -16*h - 80. Let s = 60 - h. Calculate the highest common factor of s and 108.
4
Suppose 0 = 2*w - 4*f - 412, 4*w - 1751*f + 1747*f - 808 = 0. What is the highest common divisor of w and 14949?
99
Let u(s) = -s**3 + 10*s**2 + 3*s - 3. Let n be u(5). Let f = 162 - n. What is the highest common factor of f and 15?
5
Suppose -2*g + 162099 = g + 90*g. Calculate the greatest common factor of g and 252.
21
Let p(w) = w**3 - 33*w**2 + 30*w + 63. Let i be p(32). Let h be -9 - (-4 - 8) - (i - 106). Calculate the greatest common divisor of 44 and h.
22
Suppose 0 = 21*c + 4*c - 3750. Let w be (49 + 0)*(-30)/(-7). What is the highest common divisor of w and c?
30
Let u be 4/(-10) - ((-477)/(-45) + -25). Let s = -19 - -9. Let k be (-1210)/(-25) - 6/s. What is the greatest common factor of u and k?
7
Let a be (-32 - 3230/(-102)) + (-130)/(-3). What is the highest common factor of a and 731?
43
Let p(n) = -n**3 - n. Let b(i) = -5*i**3 + 16*i**2 - 22*i + 8. Let o(s) = -b(s) + 6*p(s). Let x be o(-17). Calculate the greatest common divisor of 9 and x.
9
Let k(l) = 20*l**2 + 98*l - 1. Let d be k(-5). Calculate the greatest common divisor of 14247 and d.
9
Let d = 1679 + 924. What is the greatest common divisor of 76 and d?
19
Suppose 127*y - 131*y + 5*u = -5089, 5*y = -u + 6354. Calculate the highest common divisor of y and 62.
31
Suppose 11*b + 243 = -87. Let x be (-7)/(-6) - 1 - 1315/b. Suppose 3*w + 32 = x. What is the greatest common divisor of 36 and w?
4
Suppose -73*t + 17952 = 59*t. What is the greatest common divisor of t and 1122?
34
Suppose -182*m + 140*m + 174216 = 0. What is the highest common divisor of m and 68?
68
Let x(h) = 116*h. Let q be x(1). Let v(s) = 145*s - 20296. Let g be v(140). Calculate the highest common factor of g and q.
4
Let u = 271 - 262. Let m be (42/9)/(1/(-3)). Let f be m/(-7)*3*12. Calculate the greatest common factor of f and u.
9
Let z(m) = 549*m + 3308. Let s be z(-6). Calculate the highest common factor of 525 and s.
7
Let x(i) = -12*i + 58. Let z be x(4). Let h(c) = c**2 - 13*c + 31. Let w be h(z). Calculate the greatest common divisor of w and 24.
1
Let m = -5208 - -5243. What is the greatest common divisor of 1505 and m?
35
Suppose -3*v - k = -210, -123*v + 2*k + 140 = -121*v. Calculate the highest common factor of v and 4795.
35
Suppose -p = -4*o + 2*p + 255, 4*p - 210 = -3*o. Let y(f) = -21*f + 174. Let x be y(8). Calculate the highest common divisor of x and o.
6
Let z = -12615 + 12762. What is the highest common divisor of 28 and z?
7
Suppose 0 = -4*r - 20, 2*r - r - 43 = -2*p. Let l(s) = -10*s + 966. Let a be l(27). What is the highest common divisor of p and a?
24
Let p(q) = -17*q - 262. Let n be p(-16). Let o = -129 + 209. What is the greatest common factor of n and o?
10
Let y be (1/(-1))/((-2)/4). Suppose -n = -y*n + 31. What is the highest common divisor of 279 and n?
31
Let o(z) = z**2 + 7*z - 6. Let j be o(-8). Suppose 19*d - 471 = -0*d + 137. Calculate the greatest common factor of j and d.
2
Let h(r) = 8*r**2 - r + 2. Let a be h(-2). Let q(f) = 4*f**2 + 383*f - 89. Let d be q(-97). Calculate the highest common factor of a and d.
36
Let s(m) = 2*m**2 + 4*m - 27. Suppose 0 = 15*z - 12*z + 21. Let j be s(z). Let u = 1533 + -1060. Calculate the highest common divisor of j and u.
43
Let k = 424 - 390. Suppose 20 = 4*s, 6*v - 7*v - 2*s = -k. Calculate the highest common divisor of 456 and v.
24
Suppose 0 = -298*v + 294*v + 12. Suppose 5*b + 4 = v*g + 19, 5*g = 4*b - 12. Calculate the highest common divisor of 1 and b.
1
Suppose -2*k + 3*s = 59 - 629, 2*k + 3*s = 582. Let d = -257 + 385. Suppose -2*j = 2*j - d. Calculate the highest common divisor of k and j.
32
Suppose -27951 = 771*b - 848*b. Suppose 3*l + l = 132. Calculate the highest common divisor of b and l.
33
Let u(p) = 9*p**3 + 2*p**2 + 57*p - 228. Let k be u(4). Calculate the greatest common divisor of 6 and k.
2
Suppose 136 = 27*l + 7*l. Let j be (l/(-14))/((-34)/2618). Calculate the highest common divisor of 154 and j.
22
Let s = -5409 + 5422. What is the highest common factor of s and 10088?
13
Let c be -3 + -3 + 828 + -16. Calculate the highest common divisor of 559 and c.
13
Suppose -4*y + 12 = 0, 5*g - 1066 = 25*y - 22*y. Calculate the highest common factor of g and 344.
43
Let u be (22 + (1 - 1))*(20 - (-4 - -9)). Suppose -x - 720 = -9*x. Calculate the highest common divisor of u and x.
30
Let p be 1086/5 - 2 - 56/280. Calculate the greatest common divisor of 1247 and p.
43
Let x = -7089 - -7153. Calculate the greatest common factor of 22 and x.
2
Suppose 11*d - 18 = 5*d. Suppose -3*b + 12 - d = 0, -2*b + 222 = 3*o. What is the highest common divisor of 48 and o?
24
Let v = -116 - -257. Suppose -j - 13 + v = 0. Suppose -358 + 1558 = 75*a. What is the greatest common divisor of j and a?
16
Let d be 39/9 - (-3 - (-30)/9). Let y be -16 - -27 - (-1 + d). Suppose -32 = -2*c - y. What is the highest common factor of c and 228?
12
Let s = 171 + -167. Suppose 5*t = -s*n + 3 + 29, -5*n + 40 = 3*t. Let b = 19 + 45. Calculate the greatest common divisor of b and n.
8
Suppose -90 = -h - 88. Let o be 55 - (8/4 + h). Calculate the greatest common factor of 867 and o.
51
Suppose -13 = -3*r - 5*w, -4*r = 3*w + 2*w - 14. Let p be 1 + r + 16/(-4). Let q be ((-1)/p)/(3/546 - 0). Calculate the greatest common factor of q and 13.
13
Let n(j) = j**3 - 11*j**2 - 128*j + 1697. Let m be n(12). Calculate the highest common divisor of m and 2257.
61
Suppose x - 6*x - 12 = w, 4*x = -3*w - 3. Suppose 6*m - m = -2*n + 115, -m = -w*n - 6. What is the greatest common factor of 294 and m?
21
Let p = 2231 - 1724. What is the greatest common factor of p and 3?
3
Let x be 14 - ((-8)/(-20) - (-24)/15). Suppose 4*z + 5*m = 268, 0 = -2*m + 5*m + x. Calculate the highest common factor of z and 576.
72
Suppose 10685*r - 10653*r = 64416. Calculate the greatest common divisor of r and 183.
183
Let n = -60 + 65. Let i(c) = 10*c**2 + 4*c - 4. Let k be i(n). Calculate the highest common divisor of k and 38.
38
Suppose -61 = -16*u + 13*u - 4*n, -5*n + 20 = 0. What is the greatest common factor of 12645 and u?
15
Let s = 834 + -808. Suppose s*x - 281 - 187 = 0. Let y be 3408/27 + (-4)/18. What is the greatest common factor of y and x?
18
Suppose 0 = n - 4 + 2. Let o(z) = 16*z + 4. Let g be o(n). Let t = g + -15. Calculate the greatest common factor of 21 and t.
21
Suppose -142*t = -58*t - 5040. What is the greatest common factor of t and 124?
4
Let q(o) = -23*o + 5. Let n be q(-4). Suppose -9 = 2*f - n. Let c be 6/63*7*(-66)/(-4). Calculate the greatest common factor of f and c.
11
Let o = 323 - 720. Let s = -371 - o. Calculate the highest common divisor of s and 351.
13
Suppose 9*n - 3*j = 6*n + 2070, -20 = 5*j. Suppose -201 - n = -3*m + 2*i, 0 = -m - 3*i + 314. Calculate the highest common factor of 23 and m.
23
Let g = 96 + 85. Let y = g - 178. What is 